 of 7/z - 23/(-3)?
True
Let u(p) = 2*p**3 + 10*p**2 - 6*p - 6. Does 19 divide u(-5)?
False
Does 15 divide (-2)/(-3) - 738/(-27) - -2?
True
Let a(d) = -d**3 - 7*d**2 + 2. Let g be a(-7). Suppose g*l + 0*t - 5*t = 38, l = -5*t + 19. Is 19 a factor of l?
True
Is -2 + -5 + 2 - -145 a multiple of 20?
True
Let q be 0 + -19 + (2 - 5). Let z = q - -39. Is z a multiple of 17?
True
Let f(p) = 2*p**2 - 11*p + 20. Let r(y) = 2*y**3 - 3*y**2 + y + 2. Let z be r(2). Is f(z) a multiple of 24?
False
Let d be 3/2*(1 - -3). Suppose 3*j - u = d, 3*u - 9 = -j + u. Suppose 2*w = -j*z + 14, -3*w - 4*z + 6 = -14. Is 2 a factor of w?
True
Let s be ((-20)/(-15))/((-2)/6). Let u be (-10)/4*(s - -2). Suppose h + 0*h - u = 0, 0 = -5*t - h + 50. Is 3 a factor of t?
True
Let v be 12/(-10)*5/(-2). Suppose 2*k + 6 = 0, -f + v*k = -2*f + 56. Is f a multiple of 17?
False
Suppose -2*j = j. Suppose -2*i + 8 = j, -2*h + 48 - 18 = -i. Does 17 divide h?
True
Suppose 10 + 2 = 5*w - 4*h, -3*w = 4*h + 12. Suppose w = 3*m - 0*m - 21. Does 5 divide m?
False
Does 21 divide 81 - (-7 + 0 - -4)?
True
Suppose -3*g + 189 + 198 = 0. Is 27 a factor of g?
False
Let m(q) = -9*q + 63. Is 21 a factor of m(0)?
True
Let s be 2/7 + (-8)/28. Suppose i + 3*i - 180 = s. Is i a multiple of 11?
False
Let c = 12 - 0. Let u = -9 + c. Is u a multiple of 2?
False
Is 102/10 + (-76)/(-20) + -4 a multiple of 7?
False
Let s be -60 + (3 - (3 - 2)). Let g = 96 + s. Does 16 divide g?
False
Let d = 19 + -3. Does 16 divide d?
True
Suppose 4*g = 3 + 5. Suppose 0 = -5*x + g*y + 160, -4*x = -3*y - 51 - 77. Does 16 divide x?
True
Suppose 0 = -y + 6*y - 130. Is 11 a factor of y?
False
Suppose 30 = -4*b - 2. Let x = 16 - b. Is 8 a factor of x?
True
Let k be (0 + 6 - 0)/(-1). Let z = 3 + k. Is 5 a factor of (-22)/z + (-4)/(-6)?
False
Let i be -2*5/((-30)/39). Suppose n + g - i = 0, g = n - 2*g - 5. Is 11 a factor of n?
True
Let q(z) be the third derivative of z**6/60 - z**5/12 + 5*z**4/24 - 5*z**3/6 - 6*z**2. Does 21 divide q(4)?
True
Let m(u) = -4 + 2 - 5 + 4*u + u**2. Let i be 36/8*4/(-3). Is 4 a factor of m(i)?
False
Let n(f) = f**2 + 3*f + 3. Let y be n(-3). Suppose k = 2*g + g + 9, 0 = -y*k + 5*g + 43. Is k a multiple of 12?
False
Suppose 179 = 4*y + 607. Let i = y - -194. Is 29 a factor of i?
True
Let t(s) = -s**3 + 5*s**2 - s - 5. Let n be t(4). Let r(o) = -o**2 + 8*o - 3. Let y be r(n). Suppose 31 = 3*f + y*x, -f - 3*f + 3*x + 33 = 0. Does 5 divide f?
False
Suppose -u + 4*u - h = -80, -h = 5*u + 144. Does 8 divide (-8)/u + 304/14?
False
Let k = 0 - -1. Suppose -4 + k = -y. Suppose -y*n + 38 + 7 = 0. Does 15 divide n?
True
Suppose 3*a + 27 - 252 = 0. Is 16 a factor of a?
False
Suppose 0 = 4*y - 51 - 125. Let x = -23 + y. Is x a multiple of 7?
True
Suppose m - 3*m = -14. Let v = m - -8. Is 15 a factor of v?
True
Is 9*(2 + (-16)/(-12)) a multiple of 15?
True
Suppose -2*g + o + 209 = 0, -g + 5*o + 138 - 11 = 0. Does 17 divide g?
True
Suppose -k - k = -5*v + 4, -3*v + 5*k = -10. Suppose -q + 5 = -v*q. Suppose -2*w + s + 9 = -w, s = -q*w + 15. Does 4 divide w?
True
Let l(q) = q**3 + 4*q**2 - q. Let v(y) = y - 1. Let r be v(-2). Is l(r) a multiple of 12?
True
Let o(t) = -2*t**3 + t - 5. Is 15 a factor of o(-3)?
False
Let m(c) = 5*c**3 + c**2 - 2*c + 1. Let u be m(1). Suppose -125 = -4*x - g, -2*g + g + 155 = u*x. Does 11 divide x?
False
Suppose 0*v = -2*f - v + 15, -5*v = -f + 2. Suppose 3*z = 4*d - 26, -z + 27 = -2*z + 5*d. Let x = f - z. Is 4 a factor of x?
False
Let n(b) be the first derivative of b**4/4 + b**2/2 + b - 1. Let p be n(-1). Let l = 19 + p. Does 9 divide l?
True
Let k be 2*-3 + 3 + -4. Is (-2)/k - 2055/(-35) a multiple of 13?
False
Suppose 0 = -3*a + 9. Let z(k) = k**3 + 0*k**a - 11 - 2*k**2 + 5 + 2*k. Is z(4) a multiple of 17?
True
Is (-2 - -1)/((-3)/75) a multiple of 10?
False
Suppose -4*r + 4 = v + 3*v, -r + 4*v + 6 = 0. Suppose -3*n - r*n + 130 = 0. Does 9 divide n?
False
Suppose -3*p + 4*p = 5. Suppose -p*w + 0*w + 90 = 0. Is 18 a factor of w?
True
Suppose 37 = 3*k + 154. Let o = k - -72. Is 11 a factor of o?
True
Let u = 35 - -2. Is 17 a factor of u?
False
Does 9 divide (2/(6/513))/(-4 + 5)?
True
Let d(y) = -17*y - 18. Is d(-5) a multiple of 10?
False
Let u(b) be the first derivative of b**4/4 - 5*b**3/3 - 3*b**2/2 + 4*b + 1. Let t be u(7). Let i = -45 + t. Is 18 a factor of i?
True
Let r = -1 + 8. Is r a multiple of 5?
False
Let k(d) = -d**2 - d - 1. Let s(z) = 3*z**2 - 4*z - 6. Let v(c) = -4*k(c) - s(c). Let i be v(-7). Suppose 4*w - 11 = i*w. Is w a multiple of 7?
False
Suppose -l + 19 = 2*f - 3*f, 0 = 2*f - 10. Is 17 a factor of l?
False
Suppose -2*u + 50 - 2 = 0. Does 12 divide u?
True
Let c(i) = i. Let k be c(3). Let g = k + 3. Is g a multiple of 3?
True
Let r(d) = d**2 + 6*d - 7. Is r(-9) a multiple of 10?
True
Let k = 0 - -1. Let z(i) = 9*i. Is 4 a factor of z(k)?
False
Suppose 4*g + 3*s = -0*s + 603, 0 = -3*s + 15. Is g a multiple of 21?
True
Suppose u - 3*i = -u + 2, 0 = u + 4*i - 12. Is 3 a factor of u?
False
Let d(p) = 3*p + 14. Let g be (1 - 4)/(-6)*22. Let n be d(g). Let o = 79 - n. Does 12 divide o?
False
Suppose 12 = 4*j - 0. Suppose -j*u + 25 = 10. Is 3 a factor of u?
False
Does 3 divide 4 + 1 - 2 - -1?
False
Suppose 0 = 5*h - 5*c - 550, 4*c - 110 = 4*h - 5*h. Does 24 divide h?
False
Let o be ((-5)/(10/(-4)))/(-2). Is o*(-24 - (0 - 3)) a multiple of 6?
False
Let q = 29 + 8. Is 9 a factor of q?
False
Let k = -6 + 18. Does 12 divide k?
True
Is 10 a factor of 7*(-3 + (-41)/(-7))?
True
Let f(o) be the second derivative of o**4/3 - o**3/3 + o**2 - 3*o. Is f(-3) a multiple of 23?
False
Suppose -15 = -4*u - u + 5*q, -3*u + 2*q + 12 = 0. Let k be (-2)/4 - (-123)/u. Suppose -3*n + k = n. Does 5 divide n?
True
Suppose -770 = -2*w + 252. Suppose -4*k + 2*u + 202 = -198, -5*k - 3*u = -w. Suppose i + 17 = x + 4, -5*x + k = 4*i. Is x a multiple of 17?
True
Suppose -o = -5*o + 96. Is 12 a factor of o?
True
Let l(g) = -g**3 + 5*g**2 - 3*g. Let d be l(5). Let n be ((-12)/d - 0)*5. Let r(w) = w**3 - 3*w**2 + 2. Does 9 divide r(n)?
True
Suppose 3*x - 11 = -2*g, 2*x + 0*g - 12 = g. Suppose j - 21 = -3*a - 0*a, 0 = -3*j - x*a + 67. Does 8 divide j?
True
Suppose -3*j + 9 = -8*j - 2*z, -5*z = 5*j. Let a = j - -1. Let q = 6 - a. Does 4 divide q?
True
Suppose -101 = -c - 37. Does 12 divide (-27)/(-4)*c/12?
True
Let q = -16 + 22. Let i(w) be the second derivative of w**4/12 - w**3/2 - w**2/2 + w. Does 17 divide i(q)?
True
Let w = -123 - -240. Is 8 a factor of w?
False
Let f(v) = 10*v**2 - 2*v - 4. Is 37 a factor of f(4)?
True
Let c = 49 - 30. Let i = c + 11. Does 16 divide i?
False
Suppose -2*t - 3*a + 0 = -12, -3*a = -12. Let l(q) = q + 42. Does 9 divide l(t)?
False
Suppose -3*s - 2*s + 20 = 0. Suppose s*j + 64 = 2*y, -y + 3*j + 34 = 2*j. Is 12 a factor of y?
True
Suppose 0 = -5*h - 3*o + 26, h + 3*h + 2*o = 20. Suppose 0 = -5*q - h*x - x + 130, -q = 3*x - 34. Does 11 divide q?
True
Is (20 + 248)/(-1 + 3) a multiple of 36?
False
Suppose s = 3*t - 7, t - 16 = -3*t - 2*s. Suppose 3*h - 344 = 4*m, -2*m + t*m + 2*h = -75. Let k = -55 - m. Is k a multiple of 14?
True
Suppose -5*z = -c - 18, c + 0*z + 5*z = 32. Is c a multiple of 2?
False
Does 13 divide 13 + (0/3 - 0)?
True
Let s(t) = -t**3 - 7*t**2 + 10*t + 9. Does 16 divide s(-9)?
False
Suppose 8 = 4*p + 4*t, 4*p - 11 - 3 = -t. Suppose -2*i + 17 = 3*q - p, 2*i = q + 1. Suppose -i = 2*b - 5*h - 2, -3*b = 3*h - 30. Is b a multiple of 7?
True
Suppose -5*z - 105 = -5*u, -u - 4 + 17 = z. Suppose -3*r = -4*f + u + 63, 2*f - 4*r - 50 = 0. Is 7 a factor of f?
False
Suppose -1 + 7 = t + 3*m, 0 = 4*t - 4*m + 8. Suppose t = -3*o - u + 9 + 8, 2*o - 4*u = 16. Is o a multiple of 3?
True
Is 10 a factor of (-118)/(-6) - (-1)/3?
True
Suppose 0*q + 5*q - 90 = 0. Suppose -r = 4*t - q, -3*r = t + 2*t - 36. Let k = 16 - r. Does 3 divide k?
True
Suppose 0 = -2*o + 5*i + 62, -2*o + 62 = 3*i - i. Is o a multiple of 17?
False
Let v = 1 + -9. Let y(m) = m**2 + 8*m - 10. Let a be y(v). Is 6 a factor of 5/a - (-27)/2?
False
Suppose 0*d + 2*d - 67 = 3*t, -d - 2*t + 23 = 0. Is d a multiple of 13?
False
Let m(l) = 7*l - 3. Let q(o) = -3 + 20*o - 2 - 5. Let b(p) = 11*m(p) - 4*q(p). Is 13 a factor of b(-5)?
False
Let a(z) = -6*z**3 - 2*z**2 - 2*z + 6. Let m(h) = -h**3 - h**2 - h + 1. Let j(g)